n*d - 2177, 8700 = 4*i + 4*d - 8*d. Is i prime?
False
Suppose 139210 = 5*m - 5*k, 4*k + 17081 = m - 10770. Suppose 9*w = -10406 + m. Is w composite?
True
Let r(u) = -3*u**2 + 7*u - 1. Let j be r(6). Let z = 1115 - 3033. Let q = j - z. Is q composite?
True
Suppose -253928 - 234061 = -4*b - v, 5*b + 3*v = 609974. Is b prime?
False
Let t = -146 - -153. Suppose -t*d + 25781 = -0*d. Is d prime?
False
Let l = 473 + -464. Is (-2)/(-6) + 10356/l a composite number?
False
Let h = -2 + 7. Suppose -3*q - 3*a + 2688 = -2337, -3*a - 8343 = -h*q. Is q a prime number?
False
Suppose 46*t - 30868854 = -93*t + 14632379. Is t a prime number?
True
Let p(t) = -t**3 + 37*t**2 + 19*t - 13. Let d = 17 - 1. Let m be p(d). Let b = m + -2176. Is b prime?
True
Let n(h) = 3468*h + 173. Is n(27) composite?
False
Suppose -24*j = -963344 + 217256. Is j a prime number?
False
Let a = 4792062 - 3057281. Is a a prime number?
False
Let a(l) = -l**3 + 18*l**2 - 18*l - 10. Let h = -2 - 22. Let p be (8/h)/((-1)/45). Is a(p) a prime number?
False
Suppose -2*a = 3*o - 2 - 7, -12 = -4*o + 2*a. Suppose -4*i + 3*m - 108 = -i, o*i = 2*m - 106. Is (17/i)/(1/(-314)) prime?
True
Let f(b) = b**3 + 6*b**2 + 6*b - 3. Let j be f(-5). Let g(v) = 1915 - 3831 + 6*v**2 + 1915 + 17*v. Is g(j) composite?
True
Suppose 0 = -8*i + 6*i + 6. Suppose 0 = -i*j + 4*t + 7, -3*j - 25 = -0*t + 4*t. Is j/(-12) - 6441/(-12) a composite number?
True
Is (994/(-70) + 14)*-1 + (-3773108)/(-10) composite?
True
Let w = 207 + -206. Is w/((-21)/(-6)) - 73818/(-14) composite?
False
Suppose 5*w - 7 = 13. Suppose 2*f = w*b + 6074, -15*f + 10*f - 2*b = -15173. Is f a prime number?
False
Let c(u) = 40*u**2 - 46*u - 103. Is c(-15) composite?
False
Suppose -5*m + 75865 + 117572 = 3*y, 3*m - 128958 = -2*y. Is y composite?
True
Suppose 16*d - 833186 = 532878. Is d a composite number?
True
Let a(z) = 688*z**2 + 2*z - 1. Let t(n) = 2*n**2 + 5*n + 4. Let w be t(-1). Let m be (1 - -1)/(w + 1). Is a(m) a prime number?
False
Let z be 0 + (2430/55 - 2/11). Is 3/2*-904*z/(-48) composite?
True
Let y be 280/(-105)*6/(-4). Is ((-8)/(-10))/y + (-38832)/(-15) composite?
True
Let m be (-2 - 8/(-6))/(12/(-18)). Suppose 0 = -z - 4*j + 13, 2*z - 2*j - m = 5. Suppose 2*o - z*b - 1508 = 0, 3*o + b = 1362 + 883. Is o prime?
False
Suppose 3*b = 4*u + 5888, 5*b - 2*b + 5*u = 5843. Suppose 0 = 4*g + 2*j - 0*j - 2608, -b = -3*g + 4*j. Let v = g - 321. Is v a prime number?
True
Suppose 0 = 3*d - f - 3*f - 587713, 8*f = 2*d - 391798. Is d a composite number?
False
Suppose -37*k + 2186348 + 8201439 = 0. Is k prime?
True
Suppose -86*d - 18107741 = -140*d - 1380215. Is d prime?
True
Let o(n) = -n**2 + 8*n - 12. Let s be o(5). Suppose -s*g + 2*g + 4*z = -122, 3*g - 5*z - 331 = 0. Suppose 35 = -x + g. Is x a prime number?
True
Let g be (-153 - 1)*20/(-70). Suppose -3*s - t + 82998 = 0, -2*s + 60330 = 3*t + 4991. Is s/g - (1 - 0)/(-4) composite?
True
Let c(u) = 2*u**2 - 13. Let j(r) = -2*r**2 + 11*r - 10. Let g be j(4). Suppose 6*v = g*v - 24. Is c(v) a composite number?
False
Let y be 6/24*-4*(-1 + 4). Let w(d) = -112*d**3 - 8*d**2 - 2*d - 1. Is w(y) composite?
False
Let h(j) = 28*j + 13 - 367*j + 15. Suppose 3*r - 5*i + 17 = 0, 0 = -r + i + 15 - 22. Is h(r) composite?
False
Suppose 4*i + 2*t = 750, -15 = 3*t + 2*t. Suppose b + 953 = 5*k, -k = -2*b + b - i. Suppose 20*j - 19*j = k. Is j a prime number?
True
Suppose 194*r - 193*r + 4*b - 28791 = 0, -86357 = -3*r + 4*b. Is r prime?
False
Suppose 0 = f + 14*f - 58324 - 865061. Is f composite?
False
Let c = 19597 - 12501. Let o = 30241 + c. Is o composite?
False
Suppose -119*q + 37815514 + 36050817 = 2224880. Is q a composite number?
False
Suppose 126 = 6*k + 12*k. Suppose -p - 2*b = -4453, k*p - 8*p - b + 4451 = 0. Is p prime?
False
Suppose q = 331077 + 1945958. Is q prime?
False
Let j(b) = -13*b**2 + 14 - 2*b + 135*b**3 - 2*b - 7*b**2 + 18*b**2. Is j(3) prime?
False
Let h be (0/1 - (-12)/(-15))*15. Let a = -12 - h. Suppose 4*p + 2*z - 5256 = a, 4*p + 5*z = z + 5252. Is p prime?
False
Suppose 16*r - 6*r = -117970. Let i = r + 16658. Is i composite?
False
Let k(y) be the first derivative of -317*y**2 - 3*y + 2. Let r = -626 - -625. Is k(r) a prime number?
True
Let w(b) = 1209*b + 6. Let h be w(4). Suppose 24802 = 20*q + h. Is q composite?
True
Suppose 878653 = 295*m - 860962. Is m a prime number?
True
Let j(k) = 2*k**2 - 17*k + 51. Let x be j(10). Suppose -3*d = 4*o - 133, -o - 2*o + 4*d = -x. Is o a composite number?
False
Let k(o) = -1 + 13*o + o**2 - 9*o + 6*o**2. Let t = -177 + 185. Is k(t) prime?
True
Suppose -810668 = -3*x - 2*x + x. Is x composite?
False
Suppose -1053428 = 54*o - 3106084 - 4931758. Is o a prime number?
True
Let z = 36 - -7. Let w = z + -37. Suppose 989 = 2*i - 5*c, w - 11 = -5*c. Is i prime?
False
Let s = 5252 - 2019. Is s a prime number?
False
Let r(p) = p**3 - 62*p**2 - 52*p - 194. Is r(65) composite?
True
Let f(a) = 2*a**2 + 4*a - 4. Let v be f(-4). Let b(g) = -16*g**2 + 43*g - 121. Let p(m) = -11*m**2 + 29*m - 80. Let z(i) = -7*b(i) + 10*p(i). Is z(v) composite?
True
Suppose -5933589 - 134584115 = -472*u. Is u a prime number?
True
Let x(s) = -8 - 17 - 11 + 3*s + 3. Let i be x(20). Suppose t - 37 = -i. Is t prime?
False
Suppose 3*b - 26772 = h, -4*b = -4*h - 44124 + 8420. Is b composite?
False
Suppose 0 = 3*s - 18, 0 = 3*h + 302*s - 303*s - 1278627. Is h a prime number?
True
Suppose -3*i + c + 4688 = -1857, 4382 = 2*i + 4*c. Is i a prime number?
False
Let m = 43 + -46. Is (44962/6 + -1)/((-2)/m) a prime number?
True
Suppose -1924*a - 235354 = -1938*a. Is a composite?
False
Suppose -155 - 215 = -3*q - 4*m, -2*m = -5*q + 582. Let x = 5175 + q. Is x composite?
True
Let j be 21*(-12)/(468/(-91)). Suppose -4*s - 129 = -5*i, 2*s + 2 + 0 = 0. Suppose 2*l - j = i. Is l prime?
True
Suppose 29*d + 6 = 32*d. Let y(z) = 1733*z**2 - 2*z + 3. Is y(d) a composite number?
True
Let n(u) = -6*u**3 - 8*u**2 - 6*u + 5. Let g(o) = -5*o - 7. Let a be g(-2). Let c be ((-2)/a)/((-5)/(-1 + -44)). Is n(c) a prime number?
True
Let l = -964 - -1362. Let b be (17 - 2)/5 + l. Let f = b + 368. Is f a prime number?
True
Is ((-8610)/48 + 9/24)*-167 composite?
True
Let v(r) = r**3 - 10*r**2 - 12*r + 13. Let m be v(11). Let n(g) = 4*g**2 + 16 + g**3 + 10*g**2 - 6*g**m. Is n(-7) a prime number?
False
Let n(f) = -f**3 + 48*f**2 - 4*f + 211. Let d be n(48). Suppose -d*u - 68215 = -184248. Is u prime?
False
Let b be (8 - 2)*9/27. Suppose b*y - 38 - 561 = -3*u, -3*u + 594 = 3*y. Suppose 4*m - 2127 + u = 0. Is m a prime number?
False
Suppose -134005 = -5*m - 4*j, -53*m = -48*m - 2*j - 134005. Is m a prime number?
True
Suppose 35277 = m + 5*r, 0*m + r + 141150 = 4*m. Suppose -m = -6*u + 5207. Is u composite?
True
Let p = -50028 + 91591. Is p prime?
False
Let x be (23/(-46))/((-2)/20). Is (-6 - -2) + (9471 - 30/x) prime?
True
Let q(i) = 2*i**3 - 157*i**2 + 578*i - 26. Is q(85) prime?
False
Let c = -3589 + 7226. Let g = 5690 - c. Is g prime?
True
Suppose -4*r = 2*m + 21952 - 53642, 39611 = 5*r + 2*m. Is r a prime number?
False
Let v = -10907 - -21750. Is v prime?
False
Let d = -220 + 196. Is -4 - 11/((d/8118)/4) a prime number?
True
Let g = -1900 + 505. Let x = g + 2571. Let i = -818 + x. Is i prime?
False
Let t = 40520 - -1178. Is t a composite number?
True
Suppose 7*v = 34452 + 18521 + 3888. Is v a prime number?
True
Let a = -8226 - -13529. Suppose 3*f - a + 1890 = 2*d, -d - 1 = 0. Is f + ((-8)/(-12)*-6 - -2) a prime number?
False
Let a = 78961 + -26640. Is a a prime number?
True
Let n = 557 + -563. Let g(c) = -2463*c - 347. Is g(n) composite?
False
Let x(h) = -10410*h + 817. Is x(-6) composite?
False
Suppose -2*r + 4*o + 146838 = -0*o, 367128 = 5*r + o. Suppose 28*k - r = 299. Is k a prime number?
True
Is (-1 + 47694)*((-74)/(-2) - 36) a composite number?
True
Suppose o - 424642 - 361029 = b, -4*o = b - 3142684. Is o prime?
True
Suppose q = 5*f + 5*q - 455, 2*q = f - 105. Suppose -103*r + 77864 = -f*r. Is r a prime number?
True
Let r(g) = -6*g + 50. Suppose 4*a - 8*a + 28 = 0. Let m be r(a). Suppose 5*j + 441 = 2*n, 3*n + 5*j + 1110 = m*n. Is n a prime number?
True
Suppose 4*u + 125731 = -7*g + 12*g, -3*u + 18 = 0. Is g a prime number?
False
Let a be (3/(-5 + 11))/((-7)/(-252)). Suppose 0 = a*k + k - 170981. Is k composite?